{"id":273,"date":"2021-03-11T17:27:32","date_gmt":"2021-03-11T17:27:32","guid":{"rendered":"https:\/\/lra.webs.upv.es\/?page_id=273"},"modified":"2022-05-12T15:38:41","modified_gmt":"2022-05-12T15:38:41","slug":"formacion-bajo-demanda","status":"publish","type":"page","link":"https:\/\/lra.webs.upv.es\/index.php\/formacion\/formacion-bajo-demanda\/","title":{"rendered":"Formaci\u00f3n bajo demanda"},"content":{"rendered":"<p>&nbsp;<\/p>\n<p>El Laboratorio puede realizar cursos de formaci\u00f3n bajo demanda relacionados con:<\/p>\n<ul>\n<li>Radiactividad ambiental<\/li>\n<li>Materiales NORM y Rad\u00f3n<\/li>\n<li>Evaluaci\u00f3n de dosis<\/li>\n<li>Normativa de radiactividad<\/li>\n<li>Protecci\u00f3n radiol\u00f3gica<\/li>\n<li>Otros<\/li>\n<\/ul>\n<p>Para solicitar presupuesto contactar con <a href=\"mailto:lraupv@upvnet.upv.es\">lraupv@upvnet.upv.es<\/a><\/p>\n","protected":false},"excerpt":{"rendered":"<p>&nbsp; El Laboratorio puede realizar cursos de formaci\u00f3n bajo demanda relacionados con: Radiactividad ambiental Materiales NORM y Rad\u00f3n Evaluaci\u00f3n de dosis Normativa de radiactividad Protecci\u00f3n radiol\u00f3gica Otros Para solicitar presupuesto contactar con lraupv@upvnet.upv.es<\/p>\n","protected":false},"author":3,"featured_media":2611,"parent":24,"menu_order":0,"comment_status":"closed","ping_status":"closed","template":"","meta":{"footnotes":""},"class_list":["post-273","page","type-page","status-publish","has-post-thumbnail","czr-hentry"],"yoast_head":"<!-- This site is optimized with the Yoast SEO plugin v27.3 - https:\/\/yoast.com\/product\/yoast-seo-wordpress\/ -->\n<title>Formaci\u00f3n bajo demanda - Laboratorio de Radiactividad Ambiental<\/title>\n<meta name=\"robots\" content=\"index, follow, max-snippet:-1, max-image-preview:large, max-video-preview:-1\" \/>\n<link rel=\"canonical\" href=\"https:\/\/lra.webs.upv.es\/index.php\/formacion\/formacion-bajo-demanda\/\" \/>\n<meta property=\"og:locale\" content=\"es_ES\" \/>\n<meta property=\"og:type\" content=\"article\" \/>\n<meta property=\"og:title\" content=\"Formaci\u00f3n bajo demanda - Laboratorio de Radiactividad Ambiental\" \/>\n<meta property=\"og:description\" content=\"&nbsp; El Laboratorio puede realizar cursos de formaci\u00f3n bajo demanda relacionados con: Radiactividad ambiental Materiales NORM y Rad\u00f3n Evaluaci\u00f3n de dosis Normativa de radiactividad Protecci\u00f3n radiol\u00f3gica Otros Para solicitar presupuesto contactar con lraupv@upvnet.upv.es\" \/>\n<meta property=\"og:url\" content=\"https:\/\/lra.webs.upv.es\/index.php\/formacion\/formacion-bajo-demanda\/\" \/>\n<meta property=\"og:site_name\" content=\"Laboratorio de Radiactividad Ambiental\" \/>\n<meta property=\"article:modified_time\" content=\"2022-05-12T15:38:41+00:00\" \/>\n<meta property=\"og:image\" content=\"https:\/\/lra.webs.upv.es\/wp-content\/uploads\/2021\/09\/iStock-1138295318-e1630491144839.jpg\" \/>\n\t<meta property=\"og:image:width\" content=\"2211\" \/>\n\t<meta property=\"og:image:height\" content=\"1044\" \/>\n\t<meta property=\"og:image:type\" content=\"image\/jpeg\" \/>\n<meta name=\"twitter:card\" content=\"summary_large_image\" \/>\n<meta name=\"twitter:label1\" content=\"Tiempo de lectura\" \/>\n\t<meta name=\"twitter:data1\" content=\"1 minuto\" \/>\n<script type=\"application\/ld+json\" class=\"yoast-schema-graph\">{\"@context\":\"https:\\\/\\\/schema.org\",\"@graph\":[{\"@type\":\"WebPage\",\"@id\":\"https:\\\/\\\/lra.webs.upv.es\\\/index.php\\\/formacion\\\/formacion-bajo-demanda\\\/\",\"url\":\"https:\\\/\\\/lra.webs.upv.es\\\/index.php\\\/formacion\\\/formacion-bajo-demanda\\\/\",\"name\":\"Formaci\u00f3n bajo demanda - Laboratorio de Radiactividad Ambiental\",\"isPartOf\":{\"@id\":\"https:\\\/\\\/lra.webs.upv.es\\\/#website\"},\"primaryImageOfPage\":{\"@id\":\"https:\\\/\\\/lra.webs.upv.es\\\/index.php\\\/formacion\\\/formacion-bajo-demanda\\\/#primaryimage\"},\"image\":{\"@id\":\"https:\\\/\\\/lra.webs.upv.es\\\/index.php\\\/formacion\\\/formacion-bajo-demanda\\\/#primaryimage\"},\"thumbnailUrl\":\"https:\\\/\\\/lra.webs.upv.es\\\/wp-content\\\/uploads\\\/2021\\\/09\\\/iStock-1138295318-e1630491144839.jpg\",\"datePublished\":\"2021-03-11T17:27:32+00:00\",\"dateModified\":\"2022-05-12T15:38:41+00:00\",\"breadcrumb\":{\"@id\":\"https:\\\/\\\/lra.webs.upv.es\\\/index.php\\\/formacion\\\/formacion-bajo-demanda\\\/#breadcrumb\"},\"inLanguage\":\"es\",\"potentialAction\":[{\"@type\":\"ReadAction\",\"target\":[\"https:\\\/\\\/lra.webs.upv.es\\\/index.php\\\/formacion\\\/formacion-bajo-demanda\\\/\"]}]},{\"@type\":\"ImageObject\",\"inLanguage\":\"es\",\"@id\":\"https:\\\/\\\/lra.webs.upv.es\\\/index.php\\\/formacion\\\/formacion-bajo-demanda\\\/#primaryimage\",\"url\":\"https:\\\/\\\/lra.webs.upv.es\\\/wp-content\\\/uploads\\\/2021\\\/09\\\/iStock-1138295318-e1630491144839.jpg\",\"contentUrl\":\"https:\\\/\\\/lra.webs.upv.es\\\/wp-content\\\/uploads\\\/2021\\\/09\\\/iStock-1138295318-e1630491144839.jpg\",\"width\":2211,\"height\":1044},{\"@type\":\"BreadcrumbList\",\"@id\":\"https:\\\/\\\/lra.webs.upv.es\\\/index.php\\\/formacion\\\/formacion-bajo-demanda\\\/#breadcrumb\",\"itemListElement\":[{\"@type\":\"ListItem\",\"position\":1,\"name\":\"Portada\",\"item\":\"https:\\\/\\\/lra.webs.upv.es\\\/\"},{\"@type\":\"ListItem\",\"position\":2,\"name\":\"Formaci\u00f3n\",\"item\":\"https:\\\/\\\/lra.webs.upv.es\\\/index.php\\\/formacion\\\/\"},{\"@type\":\"ListItem\",\"position\":3,\"name\":\"Formaci\u00f3n bajo demanda\"}]},{\"@type\":\"WebSite\",\"@id\":\"https:\\\/\\\/lra.webs.upv.es\\\/#website\",\"url\":\"https:\\\/\\\/lra.webs.upv.es\\\/\",\"name\":\"Laboratorio de Radiactividad Ambiental\",\"description\":\"LRA - UPV\",\"publisher\":{\"@id\":\"https:\\\/\\\/lra.webs.upv.es\\\/#organization\"},\"potentialAction\":[{\"@type\":\"SearchAction\",\"target\":{\"@type\":\"EntryPoint\",\"urlTemplate\":\"https:\\\/\\\/lra.webs.upv.es\\\/?s={search_term_string}\"},\"query-input\":{\"@type\":\"PropertyValueSpecification\",\"valueRequired\":true,\"valueName\":\"search_term_string\"}}],\"inLanguage\":\"es\"},{\"@type\":\"Organization\",\"@id\":\"https:\\\/\\\/lra.webs.upv.es\\\/#organization\",\"name\":\"Laboratorio de Radiactividad Ambiental\",\"url\":\"https:\\\/\\\/lra.webs.upv.es\\\/\",\"logo\":{\"@type\":\"ImageObject\",\"inLanguage\":\"es\",\"@id\":\"https:\\\/\\\/lra.webs.upv.es\\\/#\\\/schema\\\/logo\\\/image\\\/\",\"url\":\"https:\\\/\\\/lra.webs.upv.es\\\/wp-content\\\/uploads\\\/2021\\\/03\\\/2_LRAUPV-LOGO-PNG.png\",\"contentUrl\":\"https:\\\/\\\/lra.webs.upv.es\\\/wp-content\\\/uploads\\\/2021\\\/03\\\/2_LRAUPV-LOGO-PNG.png\",\"width\":3508,\"height\":1478,\"caption\":\"Laboratorio de Radiactividad Ambiental\"},\"image\":{\"@id\":\"https:\\\/\\\/lra.webs.upv.es\\\/#\\\/schema\\\/logo\\\/image\\\/\"}}]}<\/script>\n<!-- \/ Yoast SEO plugin. -->","yoast_head_json":{"title":"Formaci\u00f3n bajo demanda - Laboratorio de Radiactividad Ambiental","robots":{"index":"index","follow":"follow","max-snippet":"max-snippet:-1","max-image-preview":"max-image-preview:large","max-video-preview":"max-video-preview:-1"},"canonical":"https:\/\/lra.webs.upv.es\/index.php\/formacion\/formacion-bajo-demanda\/","og_locale":"es_ES","og_type":"article","og_title":"Formaci\u00f3n bajo demanda - Laboratorio de Radiactividad Ambiental","og_description":"&nbsp; El Laboratorio puede realizar cursos de formaci\u00f3n bajo demanda relacionados con: Radiactividad ambiental Materiales NORM y Rad\u00f3n Evaluaci\u00f3n de dosis Normativa de radiactividad Protecci\u00f3n radiol\u00f3gica Otros Para solicitar presupuesto contactar con lraupv@upvnet.upv.es","og_url":"https:\/\/lra.webs.upv.es\/index.php\/formacion\/formacion-bajo-demanda\/","og_site_name":"Laboratorio de Radiactividad Ambiental","article_modified_time":"2022-05-12T15:38:41+00:00","og_image":[{"width":2211,"height":1044,"url":"https:\/\/lra.webs.upv.es\/wp-content\/uploads\/2021\/09\/iStock-1138295318-e1630491144839.jpg","type":"image\/jpeg"}],"twitter_card":"summary_large_image","twitter_misc":{"Tiempo de lectura":"1 minuto"},"schema":{"@context":"https:\/\/schema.org","@graph":[{"@type":"WebPage","@id":"https:\/\/lra.webs.upv.es\/index.php\/formacion\/formacion-bajo-demanda\/","url":"https:\/\/lra.webs.upv.es\/index.php\/formacion\/formacion-bajo-demanda\/","name":"Formaci\u00f3n bajo demanda - Laboratorio de Radiactividad Ambiental","isPartOf":{"@id":"https:\/\/lra.webs.upv.es\/#website"},"primaryImageOfPage":{"@id":"https:\/\/lra.webs.upv.es\/index.php\/formacion\/formacion-bajo-demanda\/#primaryimage"},"image":{"@id":"https:\/\/lra.webs.upv.es\/index.php\/formacion\/formacion-bajo-demanda\/#primaryimage"},"thumbnailUrl":"https:\/\/lra.webs.upv.es\/wp-content\/uploads\/2021\/09\/iStock-1138295318-e1630491144839.jpg","datePublished":"2021-03-11T17:27:32+00:00","dateModified":"2022-05-12T15:38:41+00:00","breadcrumb":{"@id":"https:\/\/lra.webs.upv.es\/index.php\/formacion\/formacion-bajo-demanda\/#breadcrumb"},"inLanguage":"es","potentialAction":[{"@type":"ReadAction","target":["https:\/\/lra.webs.upv.es\/index.php\/formacion\/formacion-bajo-demanda\/"]}]},{"@type":"ImageObject","inLanguage":"es","@id":"https:\/\/lra.webs.upv.es\/index.php\/formacion\/formacion-bajo-demanda\/#primaryimage","url":"https:\/\/lra.webs.upv.es\/wp-content\/uploads\/2021\/09\/iStock-1138295318-e1630491144839.jpg","contentUrl":"https:\/\/lra.webs.upv.es\/wp-content\/uploads\/2021\/09\/iStock-1138295318-e1630491144839.jpg","width":2211,"height":1044},{"@type":"BreadcrumbList","@id":"https:\/\/lra.webs.upv.es\/index.php\/formacion\/formacion-bajo-demanda\/#breadcrumb","itemListElement":[{"@type":"ListItem","position":1,"name":"Portada","item":"https:\/\/lra.webs.upv.es\/"},{"@type":"ListItem","position":2,"name":"Formaci\u00f3n","item":"https:\/\/lra.webs.upv.es\/index.php\/formacion\/"},{"@type":"ListItem","position":3,"name":"Formaci\u00f3n bajo demanda"}]},{"@type":"WebSite","@id":"https:\/\/lra.webs.upv.es\/#website","url":"https:\/\/lra.webs.upv.es\/","name":"Laboratorio de Radiactividad Ambiental","description":"LRA - UPV","publisher":{"@id":"https:\/\/lra.webs.upv.es\/#organization"},"potentialAction":[{"@type":"SearchAction","target":{"@type":"EntryPoint","urlTemplate":"https:\/\/lra.webs.upv.es\/?s={search_term_string}"},"query-input":{"@type":"PropertyValueSpecification","valueRequired":true,"valueName":"search_term_string"}}],"inLanguage":"es"},{"@type":"Organization","@id":"https:\/\/lra.webs.upv.es\/#organization","name":"Laboratorio de Radiactividad Ambiental","url":"https:\/\/lra.webs.upv.es\/","logo":{"@type":"ImageObject","inLanguage":"es","@id":"https:\/\/lra.webs.upv.es\/#\/schema\/logo\/image\/","url":"https:\/\/lra.webs.upv.es\/wp-content\/uploads\/2021\/03\/2_LRAUPV-LOGO-PNG.png","contentUrl":"https:\/\/lra.webs.upv.es\/wp-content\/uploads\/2021\/03\/2_LRAUPV-LOGO-PNG.png","width":3508,"height":1478,"caption":"Laboratorio de Radiactividad Ambiental"},"image":{"@id":"https:\/\/lra.webs.upv.es\/#\/schema\/logo\/image\/"}}]}},"_links":{"self":[{"href":"https:\/\/lra.webs.upv.es\/index.php\/wp-json\/wp\/v2\/pages\/273","targetHints":{"allow":["GET"]}}],"collection":[{"href":"https:\/\/lra.webs.upv.es\/index.php\/wp-json\/wp\/v2\/pages"}],"about":[{"href":"https:\/\/lra.webs.upv.es\/index.php\/wp-json\/wp\/v2\/types\/page"}],"author":[{"embeddable":true,"href":"https:\/\/lra.webs.upv.es\/index.php\/wp-json\/wp\/v2\/users\/3"}],"replies":[{"embeddable":true,"href":"https:\/\/lra.webs.upv.es\/index.php\/wp-json\/wp\/v2\/comments?post=273"}],"version-history":[{"count":2,"href":"https:\/\/lra.webs.upv.es\/index.php\/wp-json\/wp\/v2\/pages\/273\/revisions"}],"predecessor-version":[{"id":3058,"href":"https:\/\/lra.webs.upv.es\/index.php\/wp-json\/wp\/v2\/pages\/273\/revisions\/3058"}],"up":[{"embeddable":true,"href":"https:\/\/lra.webs.upv.es\/index.php\/wp-json\/wp\/v2\/pages\/24"}],"wp:featuredmedia":[{"embeddable":true,"href":"https:\/\/lra.webs.upv.es\/index.php\/wp-json\/wp\/v2\/media\/2611"}],"wp:attachment":[{"href":"https:\/\/lra.webs.upv.es\/index.php\/wp-json\/wp\/v2\/media?parent=273"}],"curies":[{"name":"wp","href":"https:\/\/api.w.org\/{rel}","templated":true}]}}